{"id":1234,"date":"2022-07-23T13:02:49","date_gmt":"2022-07-23T18:02:49","guid":{"rendered":"https:\/\/fundacioncalberg.com\/?page_id=1234"},"modified":"2022-08-05T09:58:52","modified_gmt":"2022-08-05T14:58:52","slug":"cabanas-para-alquilar-cerca-de-bogota-planes-cerca-a-bogota-para-parejas","status":"publish","type":"page","link":"http:\/\/xn--manantialdesueos-kub.com\/promos\/","title":{"rendered":"Las mejores Caba\u00f1as para Alquilar cerca a Bogot\u00e1"},"content":{"rendered":"<p>[vc_row full_width=&#8221;stretch_row_content_no_spaces&#8221;][vc_column]\n\n\t        <div class=\"establised d-none\"><\/div>\n\t        <div class=\"copyright-fixed d-none\"><\/div><div class=\"home-piling a-pagepiling full-height\"><div class=\"section pp-scrollable slide slide11 slide-dark\">\n            <div class=\"slide-container\">\n               <div class=\"video-container a-video\" data-vimeo-width=\"640\" data-vimeo-height=\"360\"> <iframe src=\"https:\/\/player.vimeo.com\/video\/732992049?title=0&byline=0&portrait=0&autoplay=1&autopause=0&muted=1&background=1\" allowfullscreen><\/iframe><\/div> \n              <div class=\"slide-bg\"><div class=\"inside\" id=\"fondo-1\" style=\"background-image: url(http:\/\/xn--manantialdesueos-kub.com\/promos\/wp-content\/uploads\/2022\/08\/Tierra-WIDE-2.jpg);\"><\/div><\/div>\n              <div class=\"slide-video-container slide-container\">\n                <div class=\"container\" id=\"principal-1\">\n                  <div class=\"row slide-content\" id=\"row-1\">\n                    <div class=\"col-sm-7\" id=\"col-1\">\n\t\t\t\t\t<button class=\"btn-play a-video-play\" id=\"botonMobile\"><i class=\"icon ion-ios-play\"><\/i><\/button>\n                      <h1 class=\"slide-title font-libre\">Las mejores <i>Caba\u00f1as para alquilar<\/i> cerca a Bogot\u00e1<\/h1>\n                      <div class=\"slide-body\">\n                        <h3 class=\"slide-title-sub\">una alternativa superior<\/h3>\n                        <div class=\"slide-descr\" id=\"desc-1\">Ideal para Plan en Pareja cerca a Bogot\u00e1. Todas incluyen Chimenea y Jacuzzi, con vistas a Monta\u00f1as y Cascadas.<\/div>\n                      <\/div>\n                    <\/div>\n                  <\/div> <button class=\"btn-play a-video-play\" id=\"botonPC\"><i class=\"icon ion-ios-play\"><\/i><\/button>\n                <\/div> \n              <\/div>\n            <\/div>\n          <\/div><div class=\"section pp-scrollable slide slide12 slide-dark\">\n            <div class=\"slide-container\">\n               <div class=\"video-container a-video\" data-vimeo-width=\"640\" data-vimeo-height=\"360\"> <\/div> \n              <div class=\"slide-bg\"><div class=\"inside\" id=\"fondo-2\" style=\"background-image: url(http:\/\/xn--manantialdesueos-kub.com\/promos\/wp-content\/uploads\/2022\/08\/Villa-Parejas.jpg);\"><\/div><\/div>\n              <div class=\"slide-video-container slide-container\">\n                <div class=\"container\" id=\"principal-2\">\n                  <div class=\"row slide-content\" id=\"row-2\">\n                    <div class=\"col-sm-7\" id=\"col-2\">\n\t\t\t\t\t\n                      <h2 class=\"slide-title font-libre\"><i>\u00a1M\u00e1s c\u00f3modo <\/i>que los mejores Glamping!<\/h1>\n                      <div class=\"slide-body\">\n                        <h3 class=\"slide-title-sub\">est\u00e1n de moda<\/h3>\n                        <div class=\"slide-descr\" id=\"desc-2\">La experiencia de amanecer en medio de la naturaleza ha encantado la mayor parte de turistas. A\u00fan as\u00ed, la categor\u00eda de <b>Caba\u00f1a Premium<\/b> sigue brindando un mayor confort pues cuenta con Jacuzzi dentro de la misma y temperaturas controladas<\/div>\n                      <\/div>\n                    <\/div>\n                  <\/div> \n                <\/div> \n              <\/div>\n            <\/div>\n          <\/div><div class=\"section pp-scrollable slide slide2\">\n            <div class=\"slide-container\">\n              <div class=\"slide-bg slide-bg-circle\"><div class=\"inside\" id=\"fondo-\" style=\"background-image: url(http:\/\/xn--manantialdesueos-kub.com\/promos\/wp-content\/uploads\/2022\/08\/Villa-Carrusel3-1.jpg);\"><\/div><\/div>\n              <div class=\"container\" id=\"acc\">\n                <div class=\"row\" id =\"rowAcc\">\n                  \n                  <div class=\"col-lg-6\">\n\t\t\t\t\t<div class=\"imagen\" style=\"background-image: url(http:\/\/xn--manantialdesueos-kub.com\/promos\/wp-content\/uploads\/2022\/08\/marca13-Copiar.png);\"><\/div>\n\t\t\t\t\t\n                    <h2 class=\"slide-title font\">Los mejores Planes cerca a Bogot\u00e1 para Parejas<\/h2>\n\n                    <div class=\"accordion solution-collapse\" id=\"solutions\"><div class=\"solution-collapse-item\" id=\"colap\">\n\t\t\t\t\t                    \t<div class=\"solution-collapse-item-title font-libre\" id=\"2\"><a class=\"\" rel=\"nofollow\" href=\"\" data-toggle=\"collapse\" href=\"\" id=\"colapC\" data-target=\"#solution1\" aria-expanded=\"true\" aria-controls=\"solution1\">Plan Rom\u00e1ntico Todo Incluido<i class=\"icon-plus\"><\/i>\n\t\t\t\t\t                          <\/a>\n\t\t\t\t\t                        <\/div>\n\t\t\t\t\t                        <div id=\"solution1\"  class=\"collapse show\" aria-labelledby=\"2\" data-parent=\"#solutions\">\n\t\t\t\t\t                          <div class=\"card-body\">Nuestro Plan: &quot;Relax en Pareja&quot;, ideal para cualquier tipo de celebraci\u00f3n, incluye una deliciosa Cena Rom\u00e1ntica con el toque Holand\u00e9s frente a Chimenea, mini-bar dotado, Desayuno con vistas al Valle de Ubat\u00e9, Jacuzzi y una experiencia inolvidable. Tambi\u00e9n est\u00e1 disponible Plan sin Cena a partir de $279.900* <a href=\"\"><\/a><\/div>\n\t\t\t\t\t                        <\/div>\n\t\t\t\t\t                      <\/div><div class=\"solution-collapse-item\" id=\"colap\">\n\t\t\t\t\t                    \t<div class=\"solution-collapse-item-title font-libre\" id=\"1\"><a class=\"collapsed\" rel=\"nofollow\" href=\"\" id=\"colapV\" data-toggle=\"collapse\" data-target=\"#solution2\" aria-expanded=\"false\" aria-controls=\"solution2\">Celebraci\u00f3n de Aniversario<i class=\"icon-plus\"><\/i>\n\t\t\t\t\t                          <\/a>\n\t\t\t\t\t                        <\/div>\n\t\t\t\t\t                        <div id=\"solution2\"  class=\"collapse \" aria-labelledby=\"1\" data-parent=\"#solutions\">\n\t\t\t\t\t                          <div class=\"card-body\">Disfruta esta fecha tan especial en un lugar m\u00e1gico en medio de Monta\u00f1as y Cascadas, con unas vistas inigualables, aire y paz sin igual. Nuestro servicio ha sido reconocido por nuestros hu\u00e9spedes por ser una experiencia diferente, natural con mucho confort. <a href=\"\"><\/a><\/div>\n\t\t\t\t\t                        <\/div>\n\t\t\t\t\t                      <\/div><div class=\"solution-collapse-item\" id=\"colap\">\n\t\t\t\t\t                    \t<div class=\"solution-collapse-item-title font-libre\" id=\"3\"><a class=\"collapsed\" rel=\"nofollow\" href=\"\" id=\"colapV\" data-toggle=\"collapse\" data-target=\"#solution3\" aria-expanded=\"false\" aria-controls=\"solution3\">Pasad\u00eda para Parejas inolvidable<i class=\"icon-plus\"><\/i>\n\t\t\t\t\t                          <\/a>\n\t\t\t\t\t                        <\/div>\n\t\t\t\t\t                        <div id=\"solution3\"  class=\"collapse \" aria-labelledby=\"3\" data-parent=\"#solutions\">\n\t\t\t\t\t                          <div class=\"card-body\">\u00a1Ideal para una escapada natural con mucho amor!. Puedes vivir el Plan Picnic o el Plan Relax en Pareja llegando a nuestra hermosa Villa en la ma\u00f1ana y poderte retirar al final de la tarde. Una experiencia de paz y tranquilidad en la monta\u00f1a. <a href=\"\"><\/a><\/div>\n\t\t\t\t\t                        <\/div>\n\t\t\t\t\t                      <\/div><div class=\"solution-collapse-item\" id=\"colap\">\n\t\t\t\t\t                    \t<div class=\"solution-collapse-item-title font-libre\" id=\"4\"><a class=\"collapsed\" rel=\"nofollow\" href=\"\" id=\"colapV\" data-toggle=\"collapse\" data-target=\"#solution4\" aria-expanded=\"false\" aria-controls=\"solution4\">Propuesta de Matrimonio<i class=\"icon-plus\"><\/i>\n\t\t\t\t\t                          <\/a>\n\t\t\t\t\t                        <\/div>\n\t\t\t\t\t                        <div id=\"solution4\"  class=\"collapse \" aria-labelledby=\"4\" data-parent=\"#solutions\">\n\t\t\t\t\t                          <div class=\"card-body\">Que el momento m\u00e1s importante de tu vida sea inolvidable. En nuestra Villa tenemos una hermosa Capilla la cu\u00e1l puede ser acomodada para el momento m\u00e1gico de la propuesta de amor para siempre, con una cascada de fondo. <a href=\"\"><\/a><\/div>\n\t\t\t\t\t                        <\/div>\n\t\t\t\t\t                      <\/div><\/div>\n                  <\/div>\n                <\/div>\n              <\/div>\n            <\/div>\n          <\/div><div class=\"section pp-scrollable slide slide13 slide-dark\">\n            <div class=\"slide-container\">\n               <div class=\"video-container a-video\" data-vimeo-width=\"640\" data-vimeo-height=\"360\"> <\/div> \n              <div class=\"slide-bg\"><div class=\"inside\" id=\"fondo-4\" style=\"background-image: url(http:\/\/xn--manantialdesueos-kub.com\/promos\/wp-content\/uploads\/2022\/08\/Entrada-Villa-manantial-Copiar.jpg);\"><\/div><\/div>\n              <div class=\"slide-video-container slide-container\">\n                <div class=\"container\" id=\"principal-4\">\n                  <div class=\"row slide-content\" id=\"row-4\">\n                    <div class=\"col-sm-7\" id=\"col-4\">\n\t\t\t\t\t\n                      <h4 class=\"slide-title font-libre\"><i>\u00a1Te contamos m\u00e1s!<\/i><\/h1>\n                      <div class=\"slide-body\">\n                        <h3 class=\"slide-title-sub\">Planes desde $279.900*<\/h3>\n                        <div class=\"slide-descr\" id=\"desc-4\">\n\t\t\t\t\t<script>\n\t\t\t\t\t\twindow.hsFormsOnReady = window.hsFormsOnReady || [];\n\t\t\t\t\t\twindow.hsFormsOnReady.push(()=>{\n\t\t\t\t\t\t\thbspt.forms.create({\n\t\t\t\t\t\t\t\tportalId: 22380068,\n\t\t\t\t\t\t\t\tformId: \"831d6ea8-2d9b-4e2b-a73d-6f181f82414e\",\n\t\t\t\t\t\t\t\ttarget: \"#hbspt-form-1778080577000-0388823793\",\n\t\t\t\t\t\t\t\tregion: \"na1\",\n\t\t\t\t\t\t\t\t\n\t\t\t\t\t\t})});\n\t\t\t\t\t<\/script>\n\t\t\t\t\t<div class=\"hbspt-form\" id=\"hbspt-form-1778080577000-0388823793\"><\/div><\/div>\n                      <\/div>\n                    <\/div>\n                  <\/div> \n                <\/div> \n              <\/div>\n            <\/div>\n          <\/div><\/div>[\/vc_column][\/vc_row]<\/p>\n","protected":false},"excerpt":{"rendered":"<p>[vc_row full_width=&#8221;stretch_row_content_no_spaces&#8221;][vc_column][\/vc_column][\/vc_row]<\/p>\n","protected":false},"author":1,"featured_media":0,"parent":0,"menu_order":0,"comment_status":"closed","ping_status":"closed","template":"template-custom-page.php","meta":{"content-type":"","_vp_format_video_url":"","_vp_image_focal_point":[],"_joinchat":[],"footnotes":""},"class_list":["post-1234","page","type-page","status-publish","hentry"],"yoast_head":"<!-- This site is optimized with the Yoast SEO plugin v19.4 - https:\/\/yoast.com\/wordpress\/plugins\/seo\/ -->\n<title>Las mejores Caba\u00f1as para Alquilar cerca a Bogot\u00e1 - Villa Manantial<\/title>\n<meta name=\"description\" content=\"Caba\u00f1as con Jacuzzi, Chimenea, Vistas a Monta\u00f1as y Cascadas con el toque Holand\u00e9s a 1 hora 20 minutos de Bogot\u00e1. Ideal para Plan en Pareja cerca Bogot\u00e1\" \/>\n<meta name=\"robots\" content=\"index, follow, max-snippet:-1, max-image-preview:large, max-video-preview:-1\" \/>\n<link rel=\"canonical\" href=\"http:\/\/xn--manantialdesueos-kub.com\/promos\/\" \/>\n<meta property=\"og:locale\" content=\"es_ES\" \/>\n<meta property=\"og:type\" content=\"article\" \/>\n<meta property=\"og:title\" content=\"Las mejores Caba\u00f1as para Alquilar cerca a Bogot\u00e1 - Villa Manantial\" \/>\n<meta property=\"og:description\" content=\"Caba\u00f1as con Jacuzzi, Chimenea, Vistas a Monta\u00f1as y Cascadas con el toque Holand\u00e9s a 1 hora 20 minutos de Bogot\u00e1. Ideal para Plan en Pareja cerca Bogot\u00e1\" \/>\n<meta property=\"og:url\" content=\"http:\/\/xn--manantialdesueos-kub.com\/promos\/\" \/>\n<meta property=\"og:site_name\" content=\"Villa Manantial de Sue\u00f1os\" \/>\n<meta property=\"article:publisher\" content=\"https:\/\/www.facebook.com\/VillaManantial\" \/>\n<meta property=\"article:modified_time\" content=\"2022-08-05T14:58:52+00:00\" \/>\n<meta name=\"twitter:card\" content=\"summary_large_image\" \/>\n<meta name=\"twitter:label1\" content=\"Tiempo estimado de lectura\" \/>\n\t<meta name=\"twitter:data1\" content=\"1 minuto\" \/>\n<script type=\"application\/ld+json\" class=\"yoast-schema-graph\">{\"@context\":\"https:\/\/schema.org\",\"@graph\":[{\"@type\":\"Organization\",\"@id\":\"http:\/\/xn--manantialdesueos-kub.com\/promos\/#organization\",\"name\":\"Villa Manantial de Sue\u00f1os\",\"url\":\"http:\/\/xn--manantialdesueos-kub.com\/promos\/\",\"sameAs\":[\"https:\/\/www.facebook.com\/VillaManantial\"],\"logo\":{\"@type\":\"ImageObject\",\"inLanguage\":\"es-CO\",\"@id\":\"http:\/\/xn--manantialdesueos-kub.com\/promos\/#\/schema\/logo\/image\/\",\"url\":\"http:\/\/xn--manantialdesueos-kub.com\/promos\/wp-content\/uploads\/2022\/07\/logo1-Copiar.png\",\"contentUrl\":\"http:\/\/xn--manantialdesueos-kub.com\/promos\/wp-content\/uploads\/2022\/07\/logo1-Copiar.png\",\"width\":266,\"height\":93,\"caption\":\"Villa Manantial de Sue\u00f1os\"},\"image\":{\"@id\":\"http:\/\/xn--manantialdesueos-kub.com\/promos\/#\/schema\/logo\/image\/\"}},{\"@type\":\"WebSite\",\"@id\":\"http:\/\/xn--manantialdesueos-kub.com\/promos\/#website\",\"url\":\"http:\/\/xn--manantialdesueos-kub.com\/promos\/\",\"name\":\"Villa Manantial de Sue\u00f1os\",\"description\":\"Los mejores Planes para Parejas cerca a Bogot\u00e1\",\"publisher\":{\"@id\":\"http:\/\/xn--manantialdesueos-kub.com\/promos\/#organization\"},\"potentialAction\":[{\"@type\":\"SearchAction\",\"target\":{\"@type\":\"EntryPoint\",\"urlTemplate\":\"http:\/\/xn--manantialdesueos-kub.com\/promos\/?s={search_term_string}\"},\"query-input\":\"required name=search_term_string\"}],\"inLanguage\":\"es-CO\"},{\"@type\":\"WebPage\",\"@id\":\"http:\/\/xn--manantialdesueos-kub.com\/promos\/\",\"url\":\"http:\/\/xn--manantialdesueos-kub.com\/promos\/\",\"name\":\"Las mejores Caba\u00f1as para Alquilar cerca a Bogot\u00e1 - Villa Manantial\",\"isPartOf\":{\"@id\":\"http:\/\/xn--manantialdesueos-kub.com\/promos\/#website\"},\"datePublished\":\"2022-07-23T18:02:49+00:00\",\"dateModified\":\"2022-08-05T14:58:52+00:00\",\"description\":\"Caba\u00f1as con Jacuzzi, Chimenea, Vistas a Monta\u00f1as y Cascadas con el toque Holand\u00e9s a 1 hora 20 minutos de Bogot\u00e1. Ideal para Plan en Pareja cerca Bogot\u00e1\",\"breadcrumb\":{\"@id\":\"http:\/\/xn--manantialdesueos-kub.com\/promos\/#breadcrumb\"},\"inLanguage\":\"es-CO\",\"potentialAction\":[{\"@type\":\"ReadAction\",\"target\":[\"http:\/\/xn--manantialdesueos-kub.com\/promos\/\"]}]},{\"@type\":\"BreadcrumbList\",\"@id\":\"http:\/\/xn--manantialdesueos-kub.com\/promos\/#breadcrumb\",\"itemListElement\":[{\"@type\":\"ListItem\",\"position\":1,\"name\":\"Inicio\",\"item\":\"http:\/\/xn--manantialdesueos-kub.com\/promos\/\"},{\"@type\":\"ListItem\",\"position\":2,\"name\":\"Las mejores Caba\u00f1as para Alquilar cerca a Bogot\u00e1\"}]}]}<\/script>\n<!-- \/ Yoast SEO plugin. -->","yoast_head_json":{"title":"Las mejores Caba\u00f1as para Alquilar cerca a Bogot\u00e1 - Villa Manantial","description":"Caba\u00f1as con Jacuzzi, Chimenea, Vistas a Monta\u00f1as y Cascadas con el toque Holand\u00e9s a 1 hora 20 minutos de Bogot\u00e1. Ideal para Plan en Pareja cerca Bogot\u00e1","robots":{"index":"index","follow":"follow","max-snippet":"max-snippet:-1","max-image-preview":"max-image-preview:large","max-video-preview":"max-video-preview:-1"},"canonical":"http:\/\/xn--manantialdesueos-kub.com\/promos\/","og_locale":"es_ES","og_type":"article","og_title":"Las mejores Caba\u00f1as para Alquilar cerca a Bogot\u00e1 - Villa Manantial","og_description":"Caba\u00f1as con Jacuzzi, Chimenea, Vistas a Monta\u00f1as y Cascadas con el toque Holand\u00e9s a 1 hora 20 minutos de Bogot\u00e1. Ideal para Plan en Pareja cerca Bogot\u00e1","og_url":"http:\/\/xn--manantialdesueos-kub.com\/promos\/","og_site_name":"Villa Manantial de Sue\u00f1os","article_publisher":"https:\/\/www.facebook.com\/VillaManantial","article_modified_time":"2022-08-05T14:58:52+00:00","twitter_card":"summary_large_image","twitter_misc":{"Tiempo estimado de lectura":"1 minuto"},"schema":{"@context":"https:\/\/schema.org","@graph":[{"@type":"Organization","@id":"http:\/\/xn--manantialdesueos-kub.com\/promos\/#organization","name":"Villa Manantial de Sue\u00f1os","url":"http:\/\/xn--manantialdesueos-kub.com\/promos\/","sameAs":["https:\/\/www.facebook.com\/VillaManantial"],"logo":{"@type":"ImageObject","inLanguage":"es-CO","@id":"http:\/\/xn--manantialdesueos-kub.com\/promos\/#\/schema\/logo\/image\/","url":"http:\/\/xn--manantialdesueos-kub.com\/promos\/wp-content\/uploads\/2022\/07\/logo1-Copiar.png","contentUrl":"http:\/\/xn--manantialdesueos-kub.com\/promos\/wp-content\/uploads\/2022\/07\/logo1-Copiar.png","width":266,"height":93,"caption":"Villa Manantial de Sue\u00f1os"},"image":{"@id":"http:\/\/xn--manantialdesueos-kub.com\/promos\/#\/schema\/logo\/image\/"}},{"@type":"WebSite","@id":"http:\/\/xn--manantialdesueos-kub.com\/promos\/#website","url":"http:\/\/xn--manantialdesueos-kub.com\/promos\/","name":"Villa Manantial de Sue\u00f1os","description":"Los mejores Planes para Parejas cerca a Bogot\u00e1","publisher":{"@id":"http:\/\/xn--manantialdesueos-kub.com\/promos\/#organization"},"potentialAction":[{"@type":"SearchAction","target":{"@type":"EntryPoint","urlTemplate":"http:\/\/xn--manantialdesueos-kub.com\/promos\/?s={search_term_string}"},"query-input":"required name=search_term_string"}],"inLanguage":"es-CO"},{"@type":"WebPage","@id":"http:\/\/xn--manantialdesueos-kub.com\/promos\/","url":"http:\/\/xn--manantialdesueos-kub.com\/promos\/","name":"Las mejores Caba\u00f1as para Alquilar cerca a Bogot\u00e1 - Villa Manantial","isPartOf":{"@id":"http:\/\/xn--manantialdesueos-kub.com\/promos\/#website"},"datePublished":"2022-07-23T18:02:49+00:00","dateModified":"2022-08-05T14:58:52+00:00","description":"Caba\u00f1as con Jacuzzi, Chimenea, Vistas a Monta\u00f1as y Cascadas con el toque Holand\u00e9s a 1 hora 20 minutos de Bogot\u00e1. Ideal para Plan en Pareja cerca Bogot\u00e1","breadcrumb":{"@id":"http:\/\/xn--manantialdesueos-kub.com\/promos\/#breadcrumb"},"inLanguage":"es-CO","potentialAction":[{"@type":"ReadAction","target":["http:\/\/xn--manantialdesueos-kub.com\/promos\/"]}]},{"@type":"BreadcrumbList","@id":"http:\/\/xn--manantialdesueos-kub.com\/promos\/#breadcrumb","itemListElement":[{"@type":"ListItem","position":1,"name":"Inicio","item":"http:\/\/xn--manantialdesueos-kub.com\/promos\/"},{"@type":"ListItem","position":2,"name":"Las mejores Caba\u00f1as para Alquilar cerca a Bogot\u00e1"}]}]}},"_links":{"self":[{"href":"http:\/\/xn--manantialdesueos-kub.com\/promos\/wp-json\/wp\/v2\/pages\/1234","targetHints":{"allow":["GET"]}}],"collection":[{"href":"http:\/\/xn--manantialdesueos-kub.com\/promos\/wp-json\/wp\/v2\/pages"}],"about":[{"href":"http:\/\/xn--manantialdesueos-kub.com\/promos\/wp-json\/wp\/v2\/types\/page"}],"author":[{"embeddable":true,"href":"http:\/\/xn--manantialdesueos-kub.com\/promos\/wp-json\/wp\/v2\/users\/1"}],"replies":[{"embeddable":true,"href":"http:\/\/xn--manantialdesueos-kub.com\/promos\/wp-json\/wp\/v2\/comments?post=1234"}],"version-history":[{"count":117,"href":"http:\/\/xn--manantialdesueos-kub.com\/promos\/wp-json\/wp\/v2\/pages\/1234\/revisions"}],"predecessor-version":[{"id":1394,"href":"http:\/\/xn--manantialdesueos-kub.com\/promos\/wp-json\/wp\/v2\/pages\/1234\/revisions\/1394"}],"wp:attachment":[{"href":"http:\/\/xn--manantialdesueos-kub.com\/promos\/wp-json\/wp\/v2\/media?parent=1234"}],"curies":[{"name":"wp","href":"https:\/\/api.w.org\/{rel}","templated":true}]}}